t) = -t**3 + 5*t**2 + 7*t - 4. Let c be k(6). Let r = 8 - c. What are the prime factors of r?
2, 3
Suppose 2*q + 2*d - 78 = 0, q + 5*d = -0*q + 39. Suppose -4*o - 4*g + g + q = 0, -5*o + 25 = -g. List the prime factors of o.
2, 3
Suppose 3*m = 2*m - 6. Let a be (-299)/m + 1/6. Suppose k = 3*v - 53, -2*k + a = 5*v - 20. List the prime factors of v.
2
Suppose 0 = 4*g - 4*y + 40, 0*g - 4*y = 5*g + 68. Let r = 6 + g. Let m(h) = -h**3 - 5*h**2 + 7*h + 8. What are the prime factors of m(r)?
2
Let q(h) = -2*h - 8. Let k be q(-6). Let t = -1 + k. What are the prime factors of (t + -1)/(8/64)?
2
Let d = -226 - -642. List the prime factors of d.
2, 13
Let f(v) = 2*v**2 + 6*v + 15. List the prime factors of f(-6).
3, 17
Let n = -5 + 29. List the prime factors of n.
2, 3
Let d = -2 + 5. Suppose -d*n - 26 = -4*n. What are the prime factors of n?
2, 13
Let f(k) = -2 + 2 - 5 - 4*k + 4. Let z(u) = u + 4. Let h be z(-6). What are the prime factors of f(h)?
7
Let n = 10 + 11. List the prime factors of n.
3, 7
Let c(y) = 3*y**3. Let l be c(1). Suppose -l*j - 15 = 2*j. Let g(k) = -k**2 - 7*k - 4. What are the prime factors of g(j)?
2
Suppose -3*m + 12 = m - 2*j, 0 = -5*m + j + 12. Suppose -m*d - 14 = -2*y, 0*d + 5*d = -2*y - 7. List the prime factors of (-42)/d - (-1 + 3).
2, 3
What are the prime factors of ((-30)/(-7))/(2/14)?
2, 3, 5
Let o(x) be the third derivative of -x**6/4 - x**5/30 - x**4/24 - 5*x**2. List the prime factors of o(-1).
29
Let u(q) be the first derivative of q**3/3 - 2*q**2 - q - 2. What are the prime factors of u(5)?
2
Let h = 41 - -172. Let m = -148 + h. Suppose m = -2*z + 7*z. List the prime factors of z.
13
Let d be 4 + -2 + (4 - 0). Let z(w) = -2*w**2 - 4*w + 5*w**2 - 2*w**2 - 2. What are the prime factors of z(d)?
2, 5
Let j be (6/5)/(15/(-100)). Let k(n) = -n**3 - 8*n**2 - n + 8. List the prime factors of k(j).
2
Let a = 199 + -146. What are the prime factors of a?
53
Let n = -59 + 117. List the prime factors of n.
2, 29
Suppose 3*h = -0*h + 75. What are the prime factors of h?
5
Let r = 3 - -1. Suppose 0 = -4*d - m - r*m + 7, 4*d - m = 13. What are the prime factors of d?
3
Suppose 0 = -2*f - 0*f + 4. List the prime factors of f.
2
Let r = 120 + -46. List the prime factors of r.
2, 37
Suppose 3*u + u - 3*b - 9 = 0, b + 3 = -3*u. Suppose 0*y + 4*y = 12. Suppose 2*x + 7 = o, y*o - 3*x + u*x = 21. List the prime factors of o.
7
Let t(j) = -2*j**3 + 3*j**2 + j - 2. List the prime factors of t(-3).
2, 19
Let f(x) = -x**2 - 12*x + 10. Let c(o) = 2*o**2 + 23*o - 19. Let b = -8 + 4. Let v(u) = b*c(u) - 7*f(u). List the prime factors of v(-7).
13
Suppose -3*p + 2*c = -357, 2*c = -2*p - c + 225. List the prime factors of p.
3, 13
Let h = -17 + 21. Let u(f) = -f**3 + 4*f**2 + 6*f - 1. List the prime factors of u(h).
23
Suppose -3 = -f + 13. Suppose 0 = 2*j + j. Suppose i + i - f = j. List the prime factors of i.
2
Suppose -3*y - 13 = -r, -15 = -0*y - 5*y. What are the prime factors of r?
2, 11
Suppose w - 2342 = q, 4*q - 5491 = -4*w + 3853. Suppose 0 = d - 1, u = 5*u + 3*d - w. What are the prime factors of u/36 - (-4)/(-18)?
2
Let f be 2/(-1) + (95 - 1). Let a = f + -63. List the prime factors of a.
29
Let m(s) be the first derivative of -1/3*s**3 - 1/2*s**2 + 6*s - 2. What are the prime factors of m(0)?
2, 3
Suppose 0 = -4*a + 8 - 0. Suppose -4*z + 4*w = -40, 4*z + w - 29 = a*z. List the prime factors of z.
13
Let u = -3 - -6. Suppose -3*v - u*y = -21, v - 14 = 4*y + 3. List the prime factors of v.
3
Let s(i) = -i + 10. Let a be s(8). List the prime factors of (40/(-15))/(a/(-6)).
2
Let x = -3 + 11. Let c = x - -11. List the prime factors of c.
19
Let a(h) = -h**3 + 2*h**2 + 3*h - 3. Suppose -z + 15 = 4*z. Let t be a(z). List the prime factors of (t + (2 - 0))*-11.
11
List the prime factors of 44/3 + (-6)/9.
2, 7
Let z(i) = -i**3 + 9*i**2 - 8*i + 4. Let g be z(6). Let h = g - 40. Suppose 2*x - h = -2*b, 4*b - x - 4 = 3*b. List the prime factors of b.
2
Let i(p) = -7*p**2 + 2*p. Let o(m) = 15*m**2 - 5*m. Let s(b) = -7*i(b) - 3*o(b). Let z be (-7 - -4) + 8 - 4. List the prime factors of s(z).
5
Let n(w) = -15*w. Let u be n(-1). Let f(r) = r - 11. Let a be f(0). Let t = u + a. List the prime factors of t.
2
Let o = -263 - -160. Let x = o - -207. What are the prime factors of (-4)/(-6) + x/6?
2, 3
List the prime factors of 958/6 - (-4)/12.
2, 5
Let z = 165 - 112. List the prime factors of z.
53
Let j(f) = -f**3 - 7*f**2 - f - 10. Let l be j(-7). Let o(k) be the second derivative of k**4/12 + k**3/3 + 10*k. List the prime factors of o(l).
3
Suppose x - 6*x = -10. Suppose -x*g - 2*g + 5*k + 17 = 0, -5*g - 4*k + 11 = 0. Suppose g*y - 13 - 35 = 0. What are the prime factors of y?
2
Suppose -2*i + i = -224. List the prime factors of i.
2, 7
List the prime factors of (28/(-21))/((-2)/60).
2, 5
Suppose -2*w + 15 = 3*w. Suppose w*f = -d + 15, -d = d + 3*f - 18. Suppose d*i + i = 48. What are the prime factors of i?
2, 3
Let h = -12 - -22. What are the prime factors of h?
2, 5
Let q be (-2)/(-3) - 2/3. Suppose 0 = -4*x + 2*v + 56, q = -5*x + 4*v + 55 + 21. Suppose 0*f + 4*f = 5*i - x, f + 10 = 3*i. What are the prime factors of i?
2
Let f be 5/10 - (-34)/4. Let o(a) = a**2 - 7*a - 12. Let k be o(f). What are the prime factors of (8/k)/(10/15)?
2
Suppose 0 = 13*x - 12*x - 3. List the prime factors of x.
3
Let m be -10*(2 + 10/(-4)). Suppose g = 5*g - 4*j + 16, m*j - 10 = 0. What are the prime factors of (0 + (-14)/4)*g?
7
Suppose -5*f - 2 = -27. Suppose -18 = 4*c - f*b, c - 5*b + 4 = -c. Let n(z) = -z**2 - 8*z - 4. List the prime factors of n(c).
3
Let h be 3*(-3)/(-18)*-2. What are the prime factors of 2*((-10)/(-4) - h)?
7
Suppose s + 3*s = 0. Suppose j + 3 = 6, -4*x + 4*j = s. List the prime factors of (0/x)/(-2) - -12.
2, 3
Let j(w) = -w**3 - 10*w**2 - 14*w - 6. Let m(y) = -2*y + 9. Let v be m(9). What are the prime factors of j(v)?
3, 13
Suppose -1 + 13 = -2*w. Suppose 3*s + 12 - 54 = 0. What are the prime factors of 2/(s/w - -3)?
3
Let y be (56/(-12))/((-2)/6). Suppose 0*z - 26 = 4*z - 5*u, 43 = -5*z + u. Let x = y + z. What are the prime factors of x?
5
Suppose -p - 1 = -3. Let w(o) be the first derivative of o**4/4 - 2*o**3/3 + 2*o**2 - 3*o - 7. List the prime factors of w(p).
5
Suppose 0 = 2*j - 4*h + 16 - 68, -2*j = -5*h - 51. What are the prime factors of j?
2, 7
Let f(t) = t - 7. Let r be f(10). Suppose 2*x = 8, -x + 14 = r*g - 2*g. List the prime factors of g.
2, 5
Suppose -34 = -j - 2. What are the prime factors of j?
2
Let v(w) be the second derivative of w**4/24 - w**3/3 + w**2 - w. Let t(i) be the first derivative of v(i). List the prime factors of t(8).
2, 3
Let s(u) = u - 1. Let p be s(4). Let q = 15 + -5. Let t = q - p. What are the prime factors of t?
7
Let h(s) = 5*s - 4. Let r be h(5). Let y = r + 4. What are the prime factors of y?
5
Suppose -5*f - 8 = -3. Let l(y) = -20*y**3 + 1. Let q be l(f). Let h = q - 14. What are the prime factors of h?
7
Let p(w) = 2*w - 13. Let i(j) = -3*j + 27. Let m(x) = 3*i(x) + 5*p(x). List the prime factors of m(-7).
3
Let d = 2 - 1. What are the prime factors of 9/d - 6/3?
7
List the prime factors of ((-9)/(-21) + 4/7)*61.
61
Suppose 4*p + 20 = 0, 2*p = -4*f - 10 + 140. Suppose -2*w - 2*l = f + 5, -5*w + 3*l = 108. What are the prime factors of (-1)/((-18)/w - 1)?
7
Let r = 20 - 20. Suppose -4*f + 2 + 54 = r. What are the prime factors of f?
2, 7
Suppose -2*u - u = 0. Let g = 1 + u. List the prime factors of (3/2)/(g/6).
3
Let x(o) = -o**3 - 10*o**2 - o - 2. Let z be x(-10). Let d be (-1*2 - 1)*1. List the prime factors of d/((-6)/z) + -2.
2
Let l(k) = k**3 + 15*k**2 + 11*k - 18. What are the prime factors of l(-14)?
2, 3
Let h(r) = -2*r**2 + 11*r + 17. Let n(g) = g**2 - 6*g - 8. Let b(q) = 4*h(q) + 9*n(q). Let z be b(8). What are the prime factors of (-1)/(-3) - z/3?
7
Let u(x) = 2*x + 2. List the prime factors of u(6).
2, 7
Suppose 0 = -4*s + 12 - 0. What are the prime factors of s?
3
Suppose 3*b + 0*b + 204 = 0. Let r = -47 - b. List the prime factors of r.
3, 7
Suppose -4*n + 464 = -2*h - 150, 2*h = 3*n - 458. What are the prime factors of n?
2, 3, 13
Suppose 76 = -6*z + 7*z. List the prime factors of z.
2, 19
Let r be (-18 + 4)*(-9)/2. Let x = r - 32. What are the prime factors of x?
31
List 